5 = 2*c + 3*c. Let r = 19 - c. What are the prime factors of r?
2
List the prime factors of 59 + 1 + (-1 - -3 - 4).
2, 29
Suppose -2*j - 72 = -4*s, -18 = 3*s - 3*j - 75. List the prime factors of s.
17
Suppose -408 = -6*r + 2*r. List the prime factors of r.
2, 3, 17
Suppose -4*y + 18 = -5*b, -4*b = y - 3*b. What are the prime factors of 6*(y + (-1)/1)?
2, 3
Let k = 48 + -33. Let z = k + -9. List the prime factors of z.
2, 3
Let k be ((-50)/8)/((-2)/16). Let p = -33 + k. What are the prime factors of p?
17
Let v be 44/12 + (-4)/6. Let u be 2/4 - (-43)/2. Suppose l + u = v*l. List the prime factors of l.
11
Let r = 138 - 54. Suppose r = 5*l + 9. List the prime factors of l.
3, 5
Let a(y) = -y**3 + 10*y**2 + 2*y + 11. What are the prime factors of a(10)?
31
Let c(m) = m**2 + m. Let p be c(-1). Let i = p - 1. List the prime factors of (10 + i)/(-3) - -14.
11
Suppose -3*n = -3*t - n + 7, 4*n - 16 = 0. Suppose 5*p - 282 = -k, -76 + 234 = 3*p - t*k. List the prime factors of p.
2, 7
Suppose -4*u + 2*a = -138, 99 = 5*u - 4*a - 75. List the prime factors of u.
2, 17
Let c(x) = -x**3 + 7*x**2 - 2*x + 6. List the prime factors of c(6).
2, 3, 5
Let r = -1 + 5. Suppose -r*u - 20 = -64. List the prime factors of u.
11
Let m(b) = 2*b - 9. Suppose -2*j = -t + 5*t + 12, 5*j + t - 15 = 0. Suppose 2*v - j*v + 14 = 0. List the prime factors of m(v).
5
Suppose -4*h + 83 = -3*p - 8, 2*p - 3*h + 62 = 0. Let g = p + 43. What are the prime factors of g?
2, 3
Let r(b) = -3*b**2 + b + 1. Let n be r(-4). Let x = n + -2. List the prime factors of (-6)/(-15) - x/5.
11
Suppose -20 = -2*l + s, -4*s = 5*l - 16 - 21. Suppose -3*v + l = -0*v. What are the prime factors of v?
3
Let g(h) be the second derivative of -h**6/144 + h**5/120 + h**4/6 + h. Let l(y) be the third derivative of g(y). What are the prime factors of l(-1)?
2, 3
Let d = 1 + 1. Suppose 0 = -2*y - d*y + 8, -5*z + 175 = 5*y. List the prime factors of z.
3, 11
Let k(w) = -4 + 7*w**2 + w**3 - w + 1 - 2*w**2. Let t be k(-5). List the prime factors of ((-1)/t)/((-2)/16).
2
Let t(y) = -2*y - 4. List the prime factors of t(-5).
2, 3
Let o = 47 - 43. List the prime factors of o.
2
Suppose -2*w = -4 - 2. Suppose -6*s + 1 = -3*s + r, -3 = -w*s - 3*r. Suppose -p - j + s*j = -6, -5*j - 42 = -3*p. What are the prime factors of p?
3
Let f = -2 - 3. List the prime factors of 271/8 - f/40.
2, 17
Let r = 0 + 0. Suppose -3*k + 17 = -g - 2*k, -5*k + 10 = r. Let d = g + 21. List the prime factors of d.
2, 3
Suppose -l + 64 + 30 = 2*i, i - 37 = -3*l. What are the prime factors of i?
7
List the prime factors of 2/(-12) - 0 - 628/(-24).
2, 13
Let r = 39 + -8. Let u = r - 16. List the prime factors of u.
3, 5
Let x(r) = r**3 + 9*r**2 - 11*r - 5. Let z be x(-10). Suppose z*n = -6 + 16. Suppose 0 = 3*k + n*k - 25. What are the prime factors of k?
5
Suppose 0 = -7*u + 4*u + 24. List the prime factors of u.
2
Let b be 18/63 - 864/(-14). Let g = b - 40. List the prime factors of g.
2, 11
Let u = 176 - 11. Suppose -6*g + 3*g = -u. Suppose -3*t + 8*t - g = 0. What are the prime factors of t?
11
Let d(z) be the second derivative of -z**3/6 + 13*z**2/2 + 2*z. List the prime factors of d(0).
13
Let w = -7 - -9. Suppose -w*x + 15 = 5. What are the prime factors of x?
5
Let g be 10/3 + 10/15. Suppose 0 = -5*v - 2*t + 3*t + 3, -4*t - 12 = g*v. What are the prime factors of v + 3 - (-6)/2?
2, 3
Suppose 4*y - 274 = -b, -2*y = -5*b + y + 1393. List the prime factors of b.
2, 139
What are the prime factors of (-28)/(-3) - 8/24?
3
Suppose 4*w - 498 = -2*w. What are the prime factors of w?
83
Let u be 3/(-6)*3*2. Let x = u + 3. Suppose r + 2*r - 18 = x. What are the prime factors of r?
2, 3
Let k be (-14)/4*(-11 - -17). What are the prime factors of (-27)/2*56/k?
2, 3
Suppose -6*i + 3*i + 15 = 3*x, 10 = -2*i. Suppose -2*t + 7*t - x = 0. List the prime factors of t.
2
Let w = 42 - 29. Suppose 2*y = 3*s - 14 - 15, s + 5*y = -w. List the prime factors of s.
7
Let k be (-1)/(-2) + (-4)/(-8). Suppose 0*j + 2*j - 4*o = 146, -5*j - 2*o + 377 = 0. Suppose -n + 25 = 4*x, 4*x - j - k = -4*n. List the prime factors of n.
17
Let x(w) = 2*w + w - 4*w. Suppose 0 = -5*c - 20 - 10. What are the prime factors of x(c)?
2, 3
Let y(j) = j**2 - 1. Let l(f) = -f**3 - 8*f**2 + 3*f + 9. Let u be ((-4)/(-2))/(1/(-1)). Let k(g) = u*y(g) - l(g). List the prime factors of k(-6).
11
Suppose 2*w = 4*w. Suppose 0 = -3*q - 6 - w. What are the prime factors of (q/4)/(3/(-42))?
7
Suppose 0 = 3*k - 89 + 20. Let m = k - 9. What are the prime factors of m?
2, 7
Let y(d) = -6*d**2 + d. Let k be y(3). Let w = -32 - k. List the prime factors of w.
19
Let a = 0 - 4. Let t(h) be the first derivative of -h**4/4 - 2*h**3/3 + 5*h**2/2 - h + 2. What are the prime factors of t(a)?
11
Let v be 7 - (1 - (1 + -2)). Suppose v*j - 21 = -4*l + 7, 2*l = -2*j + 16. Suppose 0 = s - l + 4. What are the prime factors of s?
2
Let j(x) = -9*x + 3. Let s be j(6). Let i = s - -101. Suppose 4*w = -5*r + i, -3*r + 20 = -5*w + 64. List the prime factors of w.
2, 5
Suppose -3*h - 2*h = -4*y + 693, -2*y - 3*h + 319 = 0. What are the prime factors of y?
167
Let v = -62 + 152. What are the prime factors of v?
2, 3, 5
Let h(g) = g**2 + 5*g - 43. List the prime factors of h(-14).
83
Let y = 29 - 51. What are the prime factors of 2/(-11) + (-312)/y?
2, 7
Let m be 21*(12/9 + -2). Let x = 17 + m. List the prime factors of x.
3
Let m(x) = -3*x - 3. Let c be m(-2). Suppose c*l = -l. Suppose l = -g + 6. List the prime factors of g.
2, 3
Let k = 6 + 23. What are the prime factors of k?
29
Let u = 92 - 79. What are the prime factors of u?
13
Suppose 0 = 5*o - 0*o. Suppose o = -3*z - z + 20. List the prime factors of z.
5
Let v(y) = -1 + 2 + y + y + y**2. Let o(t) = -t. Let b(m) = 5*o(m) - v(m). What are the prime factors of b(-6)?
5
Suppose 7*w = 2*w + 170. What are the prime factors of w?
2, 17
Suppose a = -4*d + 164 + 46, 55 = d - a. List the prime factors of d.
53
Let h(s) = -s**3 + 3*s**2 + 3*s + 3. Let t(w) = -w**2 - 8*w + 7. Let z be t(-9). What are the prime factors of h(z)?
17
Let b = 2 - -12. List the prime factors of b.
2, 7
Let d be (-333)/18 - 1/(-2). Let v be (-4)/(-18) + 292/d. What are the prime factors of (0 - v/3)*3?
2
Let f(u) = -u**2 + 7*u - 4. Let x be f(6). Suppose -4*g = -x*g. List the prime factors of (0 - (2 + g)) + 7.
5
Let k = -23 - -53. What are the prime factors of k?
2, 3, 5
Let b(q) = -25*q - 19. List the prime factors of b(-5).
2, 53
Let g be -44*(6/(-8))/(-1). List the prime factors of (-2)/(-3)*g/(-2).
11
Suppose 3*k - 21 = 27. List the prime factors of k.
2
Suppose 4*g - 16 = 140. What are the prime factors of g?
3, 13
Let f(l) = -4*l - 6. Let x be f(-5). Suppose -s - 66 = -4*h + 2*s, 2*s + x = h. What are the prime factors of h?
2, 3
Suppose -15*h + 30 = -12*h. List the prime factors of h.
2, 5
Let w = 39 - 27. List the prime factors of w.
2, 3
Suppose 0*u - k + 460 = 4*u, 2*u = 4*k + 230. Suppose -27 = 4*p + 5*d - u, 5*p + 2*d = 127. What are the prime factors of p?
3
Suppose -5*a + u + 14 = 0, -2 = -a - 4*a - 2*u. List the prime factors of (-88)/(-3) - a/6.
29
Suppose 0 = -2*s - 3*g + 445, -2*s + 67 + 399 = -4*g. List the prime factors of s.
227
Let s(p) = -3*p + 8. List the prime factors of s(-10).
2, 19
Let s be -3 - -5 - (0 - -2). Suppose -5*k + 5*r - 12 - 3 = s, -2*r = 2*k - 2. Let q(u) = -8*u. List the prime factors of q(k).
2
Let d(j) = -2*j - 18. What are the prime factors of d(-13)?
2
Suppose 0 = -j - 12*y + 7*y + 124, j - 123 = -4*y. List the prime factors of j.
7, 17
Let q(v) = -v**3 - 9*v**2 - 6. Let r be q(-9). Let p(s) = s**2 + 6*s + 8. What are the prime factors of p(r)?
2
Suppose 4*z = -12 + 40. Let w(o) = -o**3 + 6*o**2 + 11*o - 9. List the prime factors of w(z).
19
Let d = -5 - -2. Let n = 4 - d. List the prime factors of n.
7
What are the prime factors of 2 + 69/3 + 1?
2, 13
Let r = 14 - 6. Let g(o) = o**3 - 8*o**2 - o + 11. List the prime factors of g(r).
3
Suppose 15 = 4*f - f. Suppose -35 - 10 = -f*q. List the prime factors of q.
3
Let y(u) = u**3 - 4*u**2 - 3*u - 7. Let k be y(5). Suppose -4*x + x = -3, 2*c - 7 = -k*x. List the prime factors of c.
2
Suppose -l = -2*l - 27. Let j = -11 - l. Suppose -3*v - v + j = 0. What are the prime factors of v?
2
Let h = 4 - -1. Sup